{"id":15,"date":"2022-11-07T12:04:52","date_gmt":"2022-11-07T12:04:52","guid":{"rendered":"http:\/\/ploter.ovh\/?page_id=15"},"modified":"2023-01-19T21:20:08","modified_gmt":"2023-01-19T20:20:08","slug":"kontakt","status":"publish","type":"page","link":"https:\/\/ploter.ovh\/index.php\/kontakt\/","title":{"rendered":"Kontakt"},"content":{"rendered":"\n<p>Kraft &#8211; serwis ploter\u00f3w hp<\/p>\n\n\n\n<p>Marczy\u0144skiego 2<\/p>\n\n\n\n<p>31-231 Krak\u00f3w <\/p>\n\n\n\n<p>Mail: info@kraft.pl<\/p>\n\n\n\n<p>tel: 601 234 896<\/p>\n","protected":false},"excerpt":{"rendered":"<p>Kraft &#8211; serwis ploter\u00f3w hp Marczy\u0144skiego 2 31-231 Krak\u00f3w Mail: info@kraft.pl tel: 601 234 896<\/p>\n","protected":false},"author":1,"featured_media":0,"parent":0,"menu_order":0,"comment_status":"closed","ping_status":"closed","template":"","meta":{"om_disable_all_campaigns":false,"_mi_skip_tracking":false,"footnotes":""},"class_list":["post-15","page","type-page","status-publish","hentry"],"aioseo_notices":[],"_links":{"self":[{"href":"https:\/\/ploter.ovh\/index.php\/wp-json\/wp\/v2\/pages\/15","targetHints":{"allow":["GET"]}}],"collection":[{"href":"https:\/\/ploter.ovh\/index.php\/wp-json\/wp\/v2\/pages"}],"about":[{"href":"https:\/\/ploter.ovh\/index.php\/wp-json\/wp\/v2\/types\/page"}],"author":[{"embeddable":true,"href":"https:\/\/ploter.ovh\/index.php\/wp-json\/wp\/v2\/users\/1"}],"replies":[{"embeddable":true,"href":"https:\/\/ploter.ovh\/index.php\/wp-json\/wp\/v2\/comments?post=15"}],"version-history":[{"count":2,"href":"https:\/\/ploter.ovh\/index.php\/wp-json\/wp\/v2\/pages\/15\/revisions"}],"predecessor-version":[{"id":168,"href":"https:\/\/ploter.ovh\/index.php\/wp-json\/wp\/v2\/pages\/15\/revisions\/168"}],"wp:attachment":[{"href":"https:\/\/ploter.ovh\/index.php\/wp-json\/wp\/v2\/media?parent=15"}],"curies":[{"name":"wp","href":"https:\/\/api.w.org\/{rel}","templated":true}]}}